alculate the remainder when 48113 is divided by 60.
53
Calculate the remainder when 3507167 is divided by 17.
16
What is the remainder when 344699 is divided by 30?
29
Calculate the remainder when 25429 is divided by 310.
9
What is the remainder when 2051 is divided by 152?
75
What is the remainder when 230204 is divided by 61?
51
What is the remainder when 290209 is divided by 5091?
22
What is the remainder when 159838 is divided by 284?
230
What is the remainder when 116280 is divided by 83?
80
Calculate the remainder when 7501 is divided by 258.
19
What is the remainder when 85329 is divided by 70?
69
Calculate the remainder when 7085 is divided by 62.
17
Calculate the remainder when 116200 is divided by 848.
24
What is the remainder when 40296 is divided by 395?
6
Calculate the remainder when 152861 is divided by 16.
13
What is the remainder when 73821 is divided by 7?
6
Calculate the remainder when 916 is divided by 76.
4
Calculate the remainder when 46858 is divided by 110.
108
Calculate the remainder when 1289082 is divided by 429692.
6
What is the remainder when 21381 is divided by 329?
325
What is the remainder when 4468 is divided by 43?
39
What is the remainder when 14843 is divided by 248?
211
Calculate the remainder when 196 is divided by 195.
1
What is the remainder when 5848 is divided by 22?
18
Calculate the remainder when 57132 is divided by 236.
20
What is the remainder when 21798 is divided by 130?
88
Calculate the remainder when 32715 is divided by 104.
59
What is the remainder when 5587 is divided by 116?
19
Calculate the remainder when 20948 is divided by 3.
2
Calculate the remainder when 10157 is divided by 1127.
14
What is the remainder when 1016 is divided by 144?
8
What is the remainder when 21585 is divided by 188?
153
Calculate the remainder when 43368 is divided by 587.
517
What is the remainder when 97474 is divided by 9745?
24
What is the remainder when 16999 is divided by 34?
33
What is the remainder when 945375 is divided by 7?
4
What is the remainder when 91495 is divided by 30447?
154
Calculate the remainder when 315473 is divided by 19.
16
What is the remainder when 145092 is divided by 72544?
4
What is the remainder when 2001 is divided by 1975?
26
What is the remainder when 15903 is divided by 12?
3
Calculate the remainder when 93773 is divided by 259.
15
What is the remainder when 5940 is divided by 1969?
33
What is the remainder when 1367225 is divided by 47?
42
What is the remainder when 42449 is divided by 159?
155
What is the remainder when 40157 is divided by 32?
29
Calculate the remainder when 4054 is divided by 2018.
18
What is the remainder when 11370 is divided by 56?
2
What is the remainder when 1107 is divided by 282?
261
Calculate the remainder when 7711 is divided by 384.
31
What is the remainder when 194 is divided by 141?
53
What is the remainder when 5999 is divided by 854?
21
What is the remainder when 34154 is divided by 2622?
68
What is the remainder when 136647 is divided by 12422?
5
What is the remainder when 2407 is divided by 141?
10
Calculate the remainder when 57799 is divided by 3852.
19
Calculate the remainder when 12375 is divided by 23.
1
Calculate the remainder when 6835 is divided by 53.
51
What is the remainder when 4585 is divided by 1438?
271
What is the remainder when 15593 is divided by 346?
23
Calculate the remainder when 2756 is divided by 607.
328
What is the remainder when 59934 is divided by 105?
84
Calculate the remainder when 2703 is divided by 11.
8
What is the remainder when 702209 is divided by 20?
9
Calculate the remainder when 2235 is divided by 1902.
333
What is the remainder when 70930 is divided by 48?
34
Calculate the remainder when 6434035 is divided by 2144674.
13
Calculate the remainder when 31636 is divided by 157.
79
What is the remainder when 359363 is divided by 542?
17
What is the remainder when 1078 is divided by 288?
214
What is the remainder when 8947 is divided by 993?
10
Calculate the remainder when 13890 is divided by 279.
219
Calculate the remainder when 24281 is divided by 36.
17
Calculate the remainder when 2844 is divided by 1374.
96
Calculate the remainder when 2000 is divided by 347.
265
What is the remainder when 210452 is divided by 142?
8
What is the remainder when 6721 is divided by 319?
22
Calculate the remainder when 11800 is divided by 51.
19
What is the remainder when 8217 is divided by 122?
43
What is the remainder when 94664 is divided by 92?
88
What is the remainder when 12365 is divided by 379?
237
Calculate the remainder when 38029 is divided by 33.
13
What is the remainder when 445 is divided by 100?
45
Calculate the remainder when 524127 is divided by 24.
15
What is the remainder when 2859767 is divided by 11?
9
Calculate the remainder when 264405 is divided by 685.
680
Calculate the remainder when 202194 is divided by 20.
14
What is the remainder when 2066 is divided by 484?
130
Calculate the remainder when 40562 is divided by 7.
4
What is the remainder when 2210329 is divided by 41?
19
What is the remainder when 77329 is divided by 3859?
149
Calculate the remainder when 24446 is divided by 627.
620
Calculate the remainder when 247226 is divided by 410.
406
What is the remainder when 49799 is divided by 8297?
17
What is the remainder when 23728 is divided by 1395?
13
What is the remainder when 4931 is divided by 63?
17
Calculate the remainder when 11268 is divided by 3754.
6
Calculate the remainder when 17421 is divided by 363.
360
Calculate the remainder when 349513 is divided by 38.
27
What is the remainder when 2472 is divided by 669?
465
Calculate the remainder when 206025 is divided by 68671.
12
Calculate the remainder when 65507 is divided by 10916.
11
Calculate the remainder when 2743 is divided by 455.
13
Calculate the remainder when 16358 is divided by 4088.
6
What is the remainder when 22003 is divided by 1829?
55
What is the remainder when 40395 is divided by 196?
19
What is the remainder when 63414 is divided by 641?
596
Calculate the remainder when 159114 is divided by 79546.
22
What is the remainder when 292220 is divided by 431?
2
What is the remainder when 22279 is divided by 1437?
724
Calculate the remainder when 2942 is divided by 981.
980
What is the remainder when 28652 is divided by 16?
12
What is the remainder when 486 is divided by 266?
220
Calculate the remainder when 73924 is divided by 381.
10
What is the remainder when 8087 is divided by 142?
135
Calculate the remainder when 247587 is divided by 543.
522
Calculate the remainder when 88488 is divided by 32.
8
Calculate the remainder when 247127 is divided by 12.
11
Calculate the remainder when 4731 is divided by 182.
181
What is the remainder when 91950 is divided by 30640?
30
Calculate the remainder when 8728 is divided by 2.
0
Calculate the remainder when 5452 is divided by 1801.
49
What is the remainder when 1644 is divided by 82?
4
What is the remainder when 31818 is divided by 45?
3
Calculate the remainder when 2677 is divided by 860.
97
What is the remainder when 907 is divided by 892?
15
Calculate the remainder when 21841 is divided by 251.
4
What is the remainder when 116308 is divided by 161?
66
What is the remainder when 10068 is divided by 201?
18
Calculate the remainder when 14833 is divided by 126.
91
Calculate the remainder when 937484 is divided by 946.
944
Calculate the remainder when 3198 is divided by 32.
30
Calculate the remainder when 44545 is divided by 795.
25
What is the remainder when 757 is divided by 366?
25
What is the remainder when 17061 is divided by 101?
93
What is the remainder when 2877 is divided by 129?
39
Calculate the remainder when 229601 is divided by 20872.
9
What is the remainder when 139236 is divided by 239?
138
What is the remainder when 2965 is divided by 225?
40
What is the remainder when 4160 is divided by 139?
129
What is the remainder when 11258 is divided by 1205?
413
Calculate the remainder when 3833 is divided by 146.
37
What is the remainder when 2304 is divided by 398?
314
Calculate the remainder when 275416 is divided by 289.
288
What is the remainder when 4992 is divided by 2444?
104
Calculate the remainder when 5155 is divided by 4.
3
Calculate the remainder when 1127 is divided by 